*g**2 + 2*g - 1. Let u be n(1). Calculate the remainder when (-1)/((-2)/u*-1) is divided by 8.
5
Let x = -10 + 14. What is the remainder when 51 is divided by ((-26)/x)/((-1)/2)?
12
Let v(b) = -b**2 + 10*b + 28. What is the remainder when 10 is divided by v(12)?
2
Suppose -2*h + 17 = 3*h + 4*g, -7 = 5*h - 4*g. Let a = h + -1. Let m(p) = -p**3 - p**2 - p + 16. Calculate the remainder when 31 is divided by m(a).
15
Let t(j) = j**3 - 11*j**2 - 23*j - 11. Calculate the remainder when t(13) is divided by 15.
13
Suppose 7 - 67 = -4*p + 3*f, -3*p + 45 = -2*f. What is the remainder when 41 is divided by p?
11
Let u(h) = h**2 + h + 1. What is the remainder when (68/(-6))/(4/(-18)) is divided by u(3)?
12
Calculate the remainder when 170 is divided by 20 + (4 - 1)/(-3).
18
Suppose 3*o = -5*h + 13, 2 - 1 = h - o. Suppose -36 = -4*b + h*q, 2*b + 4 - 14 = 3*q. Calculate the remainder when ((-2)/6)/(5/(-615)) is divided by b.
8
Suppose 28*c = 27*c + 7. Calculate the remainder when 46 is divided by c.
4
Suppose 0*v + 60 = -4*v. What is the remainder when 11 is divided by (-12)/v*(-15)/(-2)?
5
Let j = 13 + -8. Suppose m = -3*w - 0*w - 44, m = 5*w + 68. What is the remainder when j is divided by w/(-4) - 3/6?
2
Let h be (-2 - 1)/(6/(-4)). Suppose 27 = h*p - 7. Suppose p = -m + 4*q, 3*q - 2*q = -4*m + 17. What is the remainder when 4 is divided by m?
1
Let z(y) = -8*y + 1. Suppose t = -3*t - 20. Let j(h) = -h**3 - 3*h**2 + 6*h - 6. What is the remainder when z(t) is divided by j(-5)?
13
Suppose -397*x + 282 = -395*x. What is the remainder when x is divided by 36?
33
Let u be ((-24)/(-15))/((-6)/(-15)). Suppose 3*f - u*r = 65, -r + 0*r = 2*f - 25. What is the remainder when f is divided by 9?
6
Let s(r) = -r**3 - 7*r**2 - 6*r + 3. Let i be s(-6). Suppose -2*m + 9 = -i. What is the remainder when m is divided by 2?
0
Let j(c) = -c**3 - 9*c**2 + 6*c - 2. Let r be j(-10). Suppose -4*x - x + r = 2*b, -x - 40 = -3*b. Calculate the remainder when 39 is divided by b.
11
Suppose 3*t = -t + 28. Calculate the remainder when t is divided by 5.
2
Let i(w) = -w**3 - 17*w**2 + 19*w + 23. Suppose 0*s = -2*s + 18. Calculate the remainder when s is divided by i(-18).
4
Suppose 2*g = -16 + 128. Suppose 64 = 4*o - g. Suppose -3*x + o = 2*k + x, 40 = 5*k + 3*x. Calculate the remainder when k is divided by 3.
2
Suppose 0*q - 296 = -4*q. Let d = q + -40. What is the remainder when d is divided by 9?
7
What is the remainder when (3 - -9)/((-3)/(-4) - 0) is divided by 5?
1
Let j(o) be the third derivative of 0*o - 4*o**2 + 0 + 1/10*o**5 + 0*o**4 + 0*o**3. What is the remainder when 22 is divided by j(1)?
4
Let f = 71 + -34. Let d = f + -19. What is the remainder when 52 is divided by d?
16
Let h be (-8)/6*(-9)/6. Suppose 3*q + 2*z - 53 = 0, -4*z = -q - h*z + 7. Let n = q - 10. Calculate the remainder when 13 is divided by n.
3
Let j be -5*(61/(-5) - -1). Suppose -2*w + j = -26. Calculate the remainder when w is divided by 14.
13
Let l(m) = -m**2 - 3*m + 20. Calculate the remainder when 37 is divided by l(0).
17
Suppose 3*q - 6 = x, q - 3*x = -x + 7. Calculate the remainder when 26 is divided by q + 6 - (0 + 0).
5
Let x(l) = 4*l**2 - l + 2. Let f = 25 - -21. Calculate the remainder when f is divided by x(2).
14
Suppose -477 = 5*i - 14*i. What is the remainder when i is divided by 14?
11
Let u(k) = k**2 + 12*k + 24. What is the remainder when u(-14) is divided by 29?
23
Suppose t + 2*t - 30 = 0. Suppose u - 50 = -11. What is the remainder when u is divided by t?
9
Suppose -z - 5*f + 58 = 0, z - 2*z - 3*f + 48 = 0. Calculate the remainder when z is divided by 19.
14
Let m(f) = f**2 - 5*f + 8. What is the remainder when m(8) is divided by 18?
14
Suppose 3*f = 5*p - 18, 0 = 2*p - 0*p + 2*f - 4. Calculate the remainder when 9 is divided by p.
0
What is the remainder when (-26)/(3/(12/(-8))) is divided by 5?
3
Let t(j) = j**2 - 6*j - 5. Let g be t(7). Let q(l) = -3 + 1 + 2 + g - 7*l. What is the remainder when q(-5) is divided by 10?
7
Let x = 9 + 13. Suppose 5*i = 279 - 49. Suppose -2 = -4*u + i. Calculate the remainder when x is divided by u.
10
Let t(n) = -11*n - 2. Let g = 6 - 9. Calculate the remainder when t(g) is divided by 8.
7
Let v(n) = 10*n**2 + 5*n + 4. Calculate the remainder when v(-3) is divided by 20.
19
Suppose 28 = -2*d + 98. Calculate the remainder when d is divided by 13.
9
Let t = -269 + 520. What is the remainder when t is divided by 42?
41
Let m(q) = 2*q - 6. Let f = -1 - -6. What is the remainder when f is divided by m(4)?
1
What is the remainder when 184 is divided by ((-2)/12)/((-22)/44)*33?
8
Let z(r) = -r**3 + 5*r**2 + 4*r - 5. Suppose l - 13 = 2*a, -l - 2*a = -6*l + 33. Calculate the remainder when (2 - -27)/(2 + -1) is divided by z(l).
14
Suppose -5*k - o = 26, k + 38 = 5*o + 12. Let c = -3 - k. Suppose 1 = -x - 4, 24 = 3*p + c*x. What is the remainder when 37 is divided by p?
11
Let p = 16 - 14. Let q(n) be the second derivative of n**5/20 - n**4/4 - n**3/2 - n**2/2 - n. Calculate the remainder when q(4) is divided by p.
1
Let n(j) = 5*j**2 + 3. Let q be n(-3). Suppose -12 - q = -5*b. What is the remainder when b is divided by 5?
2
Suppose 15 = b + 45. Let h = b - -53. Calculate the remainder when 89 is divided by h.
20
Let s = -1 - 0. Let n be (1 + s)/(0 + 1). Suppose -3*y + l + 78 = 3*l, -5*y + 5*l + 130 = n. What is the remainder when y is divided by 14?
12
Let t(n) = -n**2 - n + 3. Let x be t(0). What is the remainder when 69 is divided by x*7 + (-3 - 0)?
15
Suppose 0 = -0*i + 4*i - 2*y + 2, 0 = -3*i + y. What is the remainder when 55 is divided by (i + 0)/(6/84)?
13
Let g(f) = f**3 + 9*f**2 - 11*f - 6. Let j be g(-10). Suppose 0 = j*l - 6 - 50. What is the remainder when 41 is divided by l?
13
Let y(w) = 6*w**2 + 1. What is the remainder when ((-6)/(-8))/((-3)/(-48)) is divided by y(-1)?
5
Let s = -1 - -6. What is the remainder when 7 + (0 - 0) + 1 is divided by s?
3
Let m(v) = -4*v - 3. What is the remainder when 25 is divided by m(-4)?
12
Suppose 0*h - 4*h = -56. Calculate the remainder when 40 is divided by h.
12
Let c(g) = 3*g + 4 - 6 + 0*g**3 + 6*g**3 - 3*g**2. What is the remainder when c(2) is divided by ((-14)/6)/(2/(-12))?
12
Let u(n) be the second derivative of -n**5/20 - n**4/2 - 2*n**3/3 - 2*n**2 - n. Let x be u(-6). What is the remainder when 19 is divided by (1 - 2)/((-2)/x)?
9
Suppose 12*z - 6*z = 30. What is the remainder when 11 is divided by z?
1
Suppose 64 = 4*r - 0*r. Let f(u) = 2*u + 2. Let b be f(-3). Let d(w) = w**3 + 5*w**2 - 4*w - 1. Calculate the remainder when d(b) is divided by r.
15
Suppose 2*k + 132 = 5*n - 0*k, 5*n - 5*k = 135. Calculate the remainder when n is divided by 9.
8
Suppose 3*k - 3*v - 22 - 107 = 0, 4*k - 3*v - 174 = 0. Let i(f) = f + 25. What is the remainder when k is divided by i(-2)?
22
Let r = -3 - -6. Let h(b) = b**3 - 4*b**2 + 5*b - 4. Let o be h(r). Suppose p - 83 = -o*p + d, 5*p - 105 = -5*d. What is the remainder when p is divided by 14?
12
Let i(l) = l**3 + 4*l**2 - 2*l - 3. Let a be (4/6)/((-2)/9). What is the remainder when 34 is divided by i(a)?
10
Let q = -12 - -35. Let v = q + -2. Let k(s) = s - 1. What is the remainder when v is divided by k(9)?
5
Let p = 859 - 841. Suppose -g + 12 = g. What is the remainder when (1*3)/(g/104) is divided by p?
16
Let w = -5 - -21. Calculate the remainder when 63 is divided by w.
15
Let k = 1 - -13. Calculate the remainder when 998/18 + 332/(-747) is divided by k.
13
Let k = 3 + 3. Let o(j) = 6 + 3 - 5 + 5*j + 4. What is the remainder when o(k) is divided by 13?
12
Suppose -3*n + 34 = h - 25, 2*h = -4*n + 116. Suppose h = -3*x + 5*x. Suppose b - u - x = -2*b, 3*u = -3. What is the remainder when b is divided by 5?
4
Let v = -14 + 35. Calculate the remainder when 61 is divided by v.
19
Let t(u) = -3 + 0 + 1 + 2*u. Calculate the remainder when 6 is divided by t(2).
0
Let f = -186 - -303. Calculate the remainder when f is divided by 20.
17
Let f = -9 + 9. Suppose 0 = 4*c + 8, 4*s + 3 = 5*s + 4*c. What is the remainder when s is divided by 3/(f - (-2)/4)?
5
Suppose 3*d = 4*d - 4. Let k(p) = p**2 + 4*p - p - 4*p + 4. Calculate the remainder when k(3) is divided by d.
2
Let k(w) = -w**3 + 5*w**2 + w + 5. Calculate the remainder when 68 is divided by k(5).
8
Suppose -3*